 + 16. Let t be i(-7). Let y(f) = -4*f**2 + 2 + 4*f**2 + t*f + 0*f**2 - f**2. Calculate y(3).
-1
Let j(y) be the third derivative of y**4/24 - 3*y**3/2 + 331*y**2. Give j(-10).
-19
Suppose 0 = -5*p + l - 36, 12 = -2*p - 3*l + 1. Let f(x) = -x + 8. Calculate f(p).
15
Suppose 8 - 12 = -2*o. Let c(y) = o - y**2 - 5*y - 3*y**2 + 3*y**2. Give c(-4).
6
Let l(o) = -o**3 - 4*o**2 + 2*o + 7. Let y be l(-4). Let k(m) = -6*m - 1. Determine k(y).
5
Let d(a) = -5 - 2*a**3 - 9*a - 32*a**2 + a**3 + 53*a**2 - 29*a**2. Let b(v) = -v**3 - 8*v**2 - 12*v - 7. Let k be b(-6). Calculate d(k).
9
Let a(z) = -12*z**3 + z**2 - z + 1. Let p(c) = -3*c + 1. Suppose -2*b - 4 = 2*b. Let y be p(b). Suppose -4 = 2*q + y*j - 18, 5*q = -j + 8. Determine a(q).
-11
Let u(q) = -12*q - 37. Let r(w) = -6*w - 21. Let c(a) = -7*r(a) + 4*u(a). Determine c(2).
-13
Let o(w) = w**2. Let b be o(6). Let m be (-29)/(-4) - (-27)/b. Suppose r - 4*z - m = 0, -3*z - 6 + 3 = 0. Let y(d) = -d**2 + 3*d - 2. What is y(r)?
-6
Let d(h) = -4*h**2 + 8*h - 4. Let z(g) = 3*g**2 - 8*g + 3. Let y(i) = -i**3 + 7*i**2 + i - 12. Let n be y(7). Let m(j) = n*z(j) - 4*d(j). What is m(-7)?
-6
Let a(v) = 8 + 0 + 0*v + v + 3. Let y be a(-6). Let i(x) = -y*x - x + 6*x - 1 + 11*x**2. Give i(-1).
10
Let r(m) = 2*m**2 - 16*m + 27. Let c(o) = -o**2 + 17*o - 32. Let i(g) = 3*c(g) + 2*r(g). Calculate i(-21).
0
Let p = 1771 - 1775. Let w(c) = -c**2 + c. Give w(p).
-20
Let v(c) = -5*c + 15. Let y be v(3). Let r(s) = s**2 - 2*s - 3. What is r(y)?
-3
Let p(q) = 2*q**2 + 3*q - 4. Let w(d) = -d**3 + 16*d**2 - 16*d + 12. Suppose 5*l - 45 = 2*l. Let f be w(l). Give p(f).
5
Suppose 2*g - 8 = -2*g. Let w(h) = -6 + 68*h**2 - 69*h**2 + 3 + 3*h. What is w(g)?
-1
Suppose 5*r + 2*l - 23 = 25, -3*r + 16 = -2*l. Let i(b) = b**2 - r + b + 8. Let y = -2 - -2. Give i(y).
0
Let f(n) be the third derivative of -7*n**5/30 - n**3/6 - 103*n**2. Determine f(1).
-15
Let l(m) = -412*m - 21 - 414*m - 420*m + 1249*m. What is l(5)?
-6
Let n(b) = -b**2 + 6*b + 9. Suppose -4*m - 45 - 63 = 0. Let v = -20 - m. Determine n(v).
2
Let c(s) be the second derivative of 5*s**3/3 - 7*s**2 + 9*s + 32. Give c(2).
6
Let f(n) be the third derivative of 1/12*n**4 + 0 + 5*n**2 - 1/60*n**5 - 2/3*n**3 + 0*n. What is f(3)?
-7
Suppose 4*u + 5*l + 8 = 3*l, 4*l = -3*u - 1. Let f(w) = w**3 + 6*w**2 + 2*w - 6. Let g(n) = n**3 + 5*n**2 + n - 5. Let a(k) = 2*f(k) - 3*g(k). Determine a(u).
0
Let u(s) = -51 - 8*s**2 + 0*s + 6*s - 2*s - s + 49. Calculate u(2).
-28
Let h = -107 + 89. Let f be 8/(-3)*-4*h/48. Let b(y) = y**2 + 2*y + 6. Determine b(f).
14
Let l(v) be the first derivative of -v**2/2 - 46. Suppose 6 = -3*m - 6. Give l(m).
4
Suppose 5*q - 2 = -4*r + 9, 3*q = 5*r + 14. Let k be r/(4/(-100) + 0). Suppose -o + k = 4*n + 4*o, -2*n + 7 = -3*o. Let c(i) = i**2 - 3*i - 3. Determine c(n).
7
Let b(w) be the first derivative of -w**4/4 + 7*w**3/3 - w**2 - 3*w - 44. Calculate b(6).
21
Let d = -5 + 7. Let u(p) = -3 + 30*p - 31*p + d. Let v be u(-6). Let c(g) = g**3 - 6*g**2 + 6*g - 6. Calculate c(v).
-1
Let l be -8 + 4 - (-1 + 7 + -2). Let p(o) = o**3 + 9*o**2 + 6*o + 4. Determine p(l).
20
Let i be 1 - 10/(-5) - 1. Let q(f) = 28*f**3 - 64*f**3 + 9*f + 2*f**2 - 8 + 35*f**3 + 5*f**i. Give q(8).
0
Let d be -4*(5 + -2)/(-6). Let c(z) be the first derivative of -1 + 0*z - 8/3*z**3 + 0*z**d. Give c(-1).
-8
Suppose 6*b = -5*i + 10*b, -5*b = i. Let p(a) = -a**3 - a + 33 + a**2 - 11 + a. Give p(i).
22
Let i(d) be the third derivative of d**5/60 - d**4/24 + d**3/3 - 7*d**2. Let q = -20 + 2. Let n be (4/8)/((-3)/q). Calculate i(n).
8
Let n be (((-60)/(-8))/(-15))/(1/2). Let m(z) = -z. What is m(n)?
1
Let j(l) = -l + 4. Let t(y) = -y + 4. Let b(z) = -3*j(z) + 2*t(z). Let r(i) = -4*i**2 - 89*i + 76. Let q be r(-23). What is b(q)?
3
Suppose -8 = -6*p + 4*p. Let w(u) = -1 - 8 + 0 + 3*u + u**2 + p. Calculate w(-4).
-1
Let j(z) be the third derivative of z**5/60 + 5*z**4/24 - 5*z**2 - 48*z. Calculate j(-5).
0
Let t(g) be the third derivative of -g**6/120 + 3*g**5/20 - 7*g**4/24 - 5*g**3/3 - g**2. Let x = -25 - -33. Calculate t(x).
-2
Let m be 2/(-7) + (-222)/(-42). Let j(g) = g**2 + g. Let y(i) = 6*i**2 + 5*i - 4. Let q(t) = m*j(t) - y(t). Give q(0).
4
Let k(a) = 3 - 49*a**2 + 20*a**2 + 22*a**2 - a**3. Give k(-7).
3
Let h(i) = i + 1. Let s(x) = -4*x - 7. Let d = 61 + -58. Let j(o) = d*h(o) + s(o). Determine j(-4).
0
Let f(r) be the first derivative of 14*r**3/3 + r - 11. Calculate f(-1).
15
Let o(g) = g**3 + 7*g**2 + 8*g + 9. Suppose -4*b - 54 = -30. What is o(b)?
-3
Let i be (-1650)/(-180) + (1 - 10). Let p(t) be the third derivative of -i*t**3 + 1/120*t**6 + 1/12*t**5 + 0 + 0*t - 1/4*t**4 + 3*t**2. Give p(-6).
-1
Let j be (0 - 3)*121/33. Let k(z) = z + 8. What is k(j)?
-3
Let f(j) be the third derivative of -j**5/60 - j**4/3 + 7*j**3/3 + 143*j**2 + 2*j. Determine f(-9).
5
Let h be (-8)/(-6)*(50/4 + -8). Let i(k) be the second derivative of -k**5/20 + 7*k**4/12 - 7*k**3/6 + k**2/2 + 9*k. Determine i(h).
-5
Let y(w) = w + 16. Let s be y(-23). Let i(r) = -2*r**2 + 0 - 1 - 2 + 3*r**2 + 8*r. What is i(s)?
-10
Let o(v) = -v**3 + 6*v**2 - 7*v + 1. Let h(x) = x**3 - 4*x**2 - 2*x + 7. Let n be h(5). Suppose -2 = u - 2*u, -n = -5*q + 4*u. Let s = q + -1. Determine o(s).
-9
Let f(o) = 18*o**2 - 53*o**2 + 8 - 4*o + 16*o**2 + 20*o**2. Determine f(6).
20
Let p(y) = -5*y - 10. Let n(a) = 3*a**2 - 151*a + 42. Let o be n(50). Calculate p(o).
30
Let l(n) = -16235 + 40*n + 16235. Give l(-1).
-40
Suppose 2*p + p + 18 = 0. Let y(g) be the second derivative of -g**3/6 - 6*g**2 - 32*g - 6. Calculate y(p).
-6
Let b(s) = 2095*s**2 - 2 - 2101*s**2 - 2*s + 8*s + s**3. Let k = -1 + 5. Determine b(k).
-10
Let k be 5/((-10)/18) - -3. Let u(f) = f + 2. Give u(k).
-4
Let t be 12/28 - 74/(-7). Let p(d) = d**2 + 0 - d - 4*d**2 + 3. Let g(a) = 8*a**2 + 4*a - 8. Let m(n) = t*p(n) + 4*g(n). What is m(5)?
1
Let z(k) = -13 + 15 - 5 + 3*k. Determine z(-4).
-15
Suppose -9*s + 6*s - 28 = -c, 4*s + c + 28 = 0. Let w(f) = 3*f + 1. Calculate w(s).
-23
Let u(h) = 19*h + 5. Let a(v) = 7*v + 1. Let d(g) = 11*a(g) - 4*u(g). Calculate d(4).
-5
Let k(c) = c - 42. Let y(v) = 8. Let x(b) = -2*k(b) - 11*y(b). Give x(-2).
0
Let u(x) be the third derivative of x**5/60 + x**4/6 + 5*x**3/6 + x**2 - 103. Give u(-6).
17
Let q be ((0 - 1)*0)/(1*-2). Let w(j) = 0 - 2*j**2 + j**3 + q + 3*j**2 - 2 - j. Calculate w(2).
8
Let h(m) be the third derivative of -7*m**5/60 - m**4/24 - m**3/6 - 3*m**2 - 53. Let u = 3 + -4. Give h(u).
-7
Let w be (24/(-20))/((-15)/50). Suppose -h + 25 = -w*f, 3*h + f = -0*f + 49. Let a(c) = 1 + h*c - 3 - 16*c. Determine a(8).
6
Let z(a) be the second derivative of -6*a + 0 - 1/20*a**5 - 1/3*a**3 + 1/6*a**4 - 1/2*a**2. Let g be z(2). Let m(d) = d**2 + 7*d + 3. Give m(g).
-7
Let i(o) = -o**2 - 8*o + 21. Let z be i(-10). Let a(f) = -z - 1 + 3 + f**2. Calculate a(-4).
17
Let w(i) be the second derivative of i**7/840 - i**6/40 - 3*i**5/40 - 7*i**4/12 - i**3/6 - 15*i. Let x(j) be the second derivative of w(j). Give x(10).
-4
Let v(m) = -m**3 + 17 + 22 + 13*m - 6*m**2 + 17 - 57. Give v(-8).
23
Suppose -2*o + 3 - 9 = -5*z, 0 = -5*z. Let w(k) = -3*k**3 + 2*k**2 + 5. Let j(n) = -4*n**3 + 2*n**2 + n + 6. Let q(r) = 4*j(r) - 5*w(r). Calculate q(o).
-4
Suppose -4*a + 10 = -2*a. Suppose a*q - 5*b = 200, 5*q - 80 = 3*q + 3*b. Let l(m) = -2 + q*m - 46*m - m**2 - 2. What is l(-4)?
4
Let v(d) = -3*d**2 - 3*d**2 - 5*d**2 + 1. Let b be (-4)/6*(-15)/10. Determine v(b).
-10
Suppose 15*q = -q + 64. Let v(i) = 1 - q*i + 5*i + 0*i + i. Give v(7).
15
Let f(g) = g**3 - 6*g**2 + 7*g - 1. Let r(w) = -524*w + 532*w - 8 + w**2 + 20. Let l be r(-7). Give f(l).
9
Let s(y) = 3*y**3 - 9*y**2 - y + 2. Let h(f) = 7*f**3 - 19*f**2 - 3*f + 5. Let z(i) = -2*h(i) + 5*s(i). Give z(3).
-33
Let j(d) = d**3 + 7*d**2 - 10*d - 5. Let o = -152 - -144. What is j(o)?
11
Let g(z) = z**3 + z**2 + z - 1. Let f(o) = -11*o**3 - 2*o**2 - 4*o + 1. Let v(d) = f(d) + 2*g(d). Calculate v(-1).
10
Let y(h) = -h**2 + 9*h + 4. Let l be 19 - (2 + 0)*(-12)/8. Let s = 32 - l. What is y(s)?
-6
Let h(t) = 27*t. Let r(a) = 3*a. Let i(d) = -h(d) + 4*r(d). Calculate i(-1).
15
Let f(m) = -3*m - 2. Let k be f(-1). Let z(c) = c + 3*c - 2*c + 1. Determine z(k).
3
Let m be (-10)/3 - (-3)/9. Let a(l) be the 